{"id":789,"date":"2021-09-23T17:49:49","date_gmt":"2021-09-23T15:49:49","guid":{"rendered":"https:\/\/ishtc.formanet-tn.com\/?page_id=789"},"modified":"2021-10-04T00:07:39","modified_gmt":"2021-10-03T22:07:39","slug":"notre-histoire","status":"publish","type":"page","link":"https:\/\/ishtc.formanet-tn.com\/en\/notre-histoire\/","title":{"rendered":"Notre Histoire"},"content":{"rendered":"<div class=\"vc_row wpb_row vc_row-fluid\"><div class=\"wpb_column vc_column_container vc_col-sm-2\"><div class=\"vc_column-inner\"><div class=\"wpb_wrapper\"><\/div><\/div><\/div><div class=\"wpb_column vc_column_container vc_col-sm-8\"><div class=\"vc_column-inner\"><div class=\"wpb_wrapper\">\r\n\t<div class=\"wpb_text_column wpb_content_element\" >\r\n\t\t<div class=\"wpb_wrapper\">\r\n\t\t\t<!-- ========= Cool Timeline PRO 3.5.3 ========= --><div class=\"clt_preloader\"><img decoding=\"async\" alt=\"Preloader\" src=\"https:\/\/ishtc.formanet-tn.com\/wp-content\/plugins\/cool-timeline-pro\/assets\/images\/preloader.gif\"><\/div><div  style=\"opacity:0\"\r\nclass=\"cool-timeline-horizontal white-timeline timeline-stories ht-default\"  \r\nid=\"ctl-horizontal-slider-69efa6bfc8dd9\" \r\ndata-rtl=\"false\"\r\ndate-slider=\"ctl-h-slider-69efa6bfc8dd9\" \r\ndata-nav=\"nav-slider-69efa6bfc8dd9\" \r\ndata-items=\"0\" \r\ndata-start-on=\"0\" \r\ndata-autoplay=\"false\"\r\ndata-autoplay-speed=\"3000\">\r\n\r\n<div   class=\"timeline-wrapper white-timeline-wrapper hori-items-1\" ><div class=\"clt_carousel_slider\"  dir=\"\"><ul class=\"ctl_h_nav\" id=\"nav-slider-69efa6bfc8dd9\"> <li  id=\"story-id-998\" class=\"ht-dates-default\" data-date=\"story-id-998\"><span class=\"ctl-story-time selected\"  data-date=\"story-id-998\" >1979<\/span><\/li> <li  id=\"story-id-997\" class=\"ht-dates-default\" data-date=\"story-id-997\"><span class=\"ctl-story-time\"  data-date=\"story-id-997\" >1990<\/span><\/li> <li  id=\"story-id-996\" class=\"ht-dates-default\" data-date=\"story-id-996\"><span class=\"ctl-story-time\"  data-date=\"story-id-996\" >2014<\/span><\/li><\/ul><\/div><div  class=\"clt_caru_slider\"  dir=\"\"><ul class=\"ctl_h_slides\"  id=\"ctl-h-slider-69efa6bfc8dd9\"><li id=\"story-id-998-content\"  class=\"ht-default\"><div class=\"timeline-post light-grey-post ht-content-default\"><h2 class=\"content-title\"><\/h2><div class=\"ctl_info event-description small\"><div class=\"pull-left\"><a title=\"\"  href=\"https:\/\/ishtc.formanet-tn.com\/wp-content\/uploads\/2021\/10\/3-4.jpg\" class=\"ctl_prettyPhoto\"><img loading=\"lazy\" decoding=\"async\" width=\"300\" height=\"195\" src=\"https:\/\/ishtc.formanet-tn.com\/wp-content\/uploads\/2021\/10\/3-4-300x195.jpg\" class=\"story-img left_small wp-post-image\" alt=\"\" srcset=\"https:\/\/ishtc.formanet-tn.com\/wp-content\/uploads\/2021\/10\/3-4-300x195.jpg 300w, https:\/\/ishtc.formanet-tn.com\/wp-content\/uploads\/2021\/10\/3-4-768x500.jpg 768w, https:\/\/ishtc.formanet-tn.com\/wp-content\/uploads\/2021\/10\/3-4.jpg 970w\" sizes=\"auto, (max-width: 300px) 100vw, 300px\" \/><\/a><\/div><div class=\"content-details\"><p>Les origines de l\u2019Institut remontent au mois d\u2019octobre 1979 lorsqu\u2019a \u00e9t\u00e9 cr\u00e9\u00e9 le Programme National de Recherche sur l\u2019histoire du mouvement national (PNR)<\/p><\/div><\/div><\/div><\/li><li id=\"story-id-997-content\"  class=\"ht-default\"><div class=\"timeline-post light-grey-post ht-content-default\"><h2 class=\"content-title\"><\/h2><div class=\"ctl_info event-description small\"><div class=\"pull-left\"><a title=\"\"  href=\"https:\/\/ishtc.formanet-tn.com\/wp-content\/uploads\/2021\/10\/3-4.jpg\" class=\"ctl_prettyPhoto\"><img loading=\"lazy\" decoding=\"async\" width=\"300\" height=\"195\" src=\"https:\/\/ishtc.formanet-tn.com\/wp-content\/uploads\/2021\/10\/3-4-300x195.jpg\" class=\"story-img left_small wp-post-image\" alt=\"\" srcset=\"https:\/\/ishtc.formanet-tn.com\/wp-content\/uploads\/2021\/10\/3-4-300x195.jpg 300w, https:\/\/ishtc.formanet-tn.com\/wp-content\/uploads\/2021\/10\/3-4-768x500.jpg 768w, https:\/\/ishtc.formanet-tn.com\/wp-content\/uploads\/2021\/10\/3-4.jpg 970w\" sizes=\"auto, (max-width: 300px) 100vw, 300px\" \/><\/a><\/div><div class=\"content-details\"><p>L\u2019institut est transform\u00e9 par la suite en un Institut sup\u00e9rieur de l\u2019Histoire du mouvement National (ISHMN) cr\u00e9\u00e9 par la loi n\u00b089-89 du 16 novembre 1989, dont les fonctions ont \u00e9t\u00e9 fix\u00e9es par le d\u00e9cret n\u00b0 633 du 16 avril 1990.<\/p><\/div><\/div><\/div><\/li><li id=\"story-id-996-content\"  class=\"ht-default\"><div class=\"timeline-post light-grey-post ht-content-default\"><h2 class=\"content-title\"><\/h2><div class=\"ctl_info event-description small\"><div class=\"pull-left\"><a title=\"\"  href=\"https:\/\/ishtc.formanet-tn.com\/wp-content\/uploads\/2021\/10\/3-4.jpg\" class=\"ctl_prettyPhoto\"><img loading=\"lazy\" decoding=\"async\" width=\"300\" height=\"195\" src=\"https:\/\/ishtc.formanet-tn.com\/wp-content\/uploads\/2021\/10\/3-4-300x195.jpg\" class=\"story-img left_small wp-post-image\" alt=\"\" srcset=\"https:\/\/ishtc.formanet-tn.com\/wp-content\/uploads\/2021\/10\/3-4-300x195.jpg 300w, https:\/\/ishtc.formanet-tn.com\/wp-content\/uploads\/2021\/10\/3-4-768x500.jpg 768w, https:\/\/ishtc.formanet-tn.com\/wp-content\/uploads\/2021\/10\/3-4.jpg 970w\" sizes=\"auto, (max-width: 300px) 100vw, 300px\" \/><\/a><\/div><div class=\"content-details\"><p>En 2014, d\u2019apr\u00e8s le d\u00e9cret 2014-1678 du 8 mai, l\u2019ISHMN est devenu l\u2019Institut Sup\u00e9rieur de l\u2019Histoire de la Tunisie Contemporaine (I.S.H.T.C). Il est destin\u00e9 \u00e0 promouvoir l\u2019enseignement et la recherche dans le champ de l\u2019histoire contemporaine de la Tunisie. L\u2019ISHTC est dot\u00e9 d\u2019un fonds d\u2019archives microfilm\u00e9es, un ensemble de t\u00e9moignages&hellip;<\/p><\/div><\/div><\/div><\/li><\/ul><\/div><\/div><\/div><style type=\"text\/css\"><\/style><!-- end  ================================================== -->\n\r\n\t\t<\/div>\r\n\t<\/div>\r\n<\/div><\/div><\/div><div class=\"wpb_column vc_column_container vc_col-sm-2\"><div class=\"vc_column-inner\"><div class=\"wpb_wrapper\"><\/div><\/div><\/div><\/div>","protected":false},"excerpt":{"rendered":"En 2014, d\u2019apr\u00e8s le d\u00e9cret 2014-1678 du 8 mai, l\u2019ISHMN est devenu l\u2019Institut Sup\u00e9rieur de l\u2019Histoire de la Tunisie Contemporaine (I.S.H.T.C). Il est destin\u00e9 \u00e0 promouvoir l\u2019enseignement et la recherche dans le champ de l\u2019histoire contemporaine de la Tunisie. L\u2019ISHTC est dot\u00e9 d\u2019un fonds d\u2019archives microfilm\u00e9es, un ensemble de t\u00e9moignages&hellip;","protected":false},"author":1,"featured_media":0,"parent":0,"menu_order":0,"comment_status":"closed","ping_status":"closed","template":"tpl-visual_composer.php","meta":{"footnotes":""},"class_list":["post-789","page","type-page","status-publish","hentry"],"_links":{"self":[{"href":"https:\/\/ishtc.formanet-tn.com\/en\/wp-json\/wp\/v2\/pages\/789","targetHints":{"allow":["GET"]}}],"collection":[{"href":"https:\/\/ishtc.formanet-tn.com\/en\/wp-json\/wp\/v2\/pages"}],"about":[{"href":"https:\/\/ishtc.formanet-tn.com\/en\/wp-json\/wp\/v2\/types\/page"}],"author":[{"embeddable":true,"href":"https:\/\/ishtc.formanet-tn.com\/en\/wp-json\/wp\/v2\/users\/1"}],"replies":[{"embeddable":true,"href":"https:\/\/ishtc.formanet-tn.com\/en\/wp-json\/wp\/v2\/comments?post=789"}],"version-history":[{"count":10,"href":"https:\/\/ishtc.formanet-tn.com\/en\/wp-json\/wp\/v2\/pages\/789\/revisions"}],"predecessor-version":[{"id":1005,"href":"https:\/\/ishtc.formanet-tn.com\/en\/wp-json\/wp\/v2\/pages\/789\/revisions\/1005"}],"wp:attachment":[{"href":"https:\/\/ishtc.formanet-tn.com\/en\/wp-json\/wp\/v2\/media?parent=789"}],"curies":[{"name":"wp","href":"https:\/\/api.w.org\/{rel}","templated":true}]}}

<div class="vc_row wpb_row vc_row-fluid"><div class="wpb_column vc_column_container vc_col-sm-2"><div class="vc_column-inner"><div class="wpb_wrapper"></div></div></div><div class="wpb_column vc_column_container vc_col-sm-8"><div class="vc_column-inner"><div class="wpb_wrapper">
	<div class="wpb_text_column wpb_content_element" >
		<div class="wpb_wrapper">
			<!-- ========= Cool Timeline PRO 3.5.3 ========= --><div class="clt_preloader"><img decoding="async" alt="Preloader" src="https://ishtc.formanet-tn.com/wp-content/plugins/cool-timeline-pro/assets/images/preloader.gif"></div><div  style="opacity:0"
class="cool-timeline-horizontal white-timeline timeline-stories ht-default"  
id="ctl-horizontal-slider-69efa6bfc8dd9" 
data-rtl="false"
date-slider="ctl-h-slider-69efa6bfc8dd9" 
data-nav="nav-slider-69efa6bfc8dd9" 
data-items="0" 
data-start-on="0" 
data-autoplay="false"
data-autoplay-speed="3000">

<div   class="timeline-wrapper white-timeline-wrapper hori-items-1" ><div class="clt_carousel_slider"  dir=""><ul class="ctl_h_nav" id="nav-slider-69efa6bfc8dd9"> <li  id="story-id-998" class="ht-dates-default" data-date="story-id-998"><span class="ctl-story-time selected"  data-date="story-id-998" >1979</span></li> <li  id="story-id-997" class="ht-dates-default" data-date="story-id-997"><span class="ctl-story-time"  data-date="story-id-997" >1990</span></li> <li  id="story-id-996" class="ht-dates-default" data-date="story-id-996"><span class="ctl-story-time"  data-date="story-id-996" >2014</span></li></ul></div><div  class="clt_caru_slider"  dir=""><ul class="ctl_h_slides"  id="ctl-h-slider-69efa6bfc8dd9"><li id="story-id-998-content"  class="ht-default"><div class="timeline-post light-grey-post ht-content-default"><h2 class="content-title"></h2><div class="ctl_info event-description small"><div class="pull-left"><a title=""  href="https://ishtc.formanet-tn.com/wp-content/uploads/2021/10/3-4.jpg" class="ctl_prettyPhoto"><img loading="lazy" decoding="async" width="300" height="195" src="https://ishtc.formanet-tn.com/wp-content/uploads/2021/10/3-4-300x195.jpg" class="story-img left_small wp-post-image" alt="" srcset="https://ishtc.formanet-tn.com/wp-content/uploads/2021/10/3-4-300x195.jpg 300w, https://ishtc.formanet-tn.com/wp-content/uploads/2021/10/3-4-768x500.jpg 768w, https://ishtc.formanet-tn.com/wp-content/uploads/2021/10/3-4.jpg 970w" sizes="auto, (max-width: 300px) 100vw, 300px" /></a></div><div class="content-details"><p>Les origines de l’Institut remontent au mois d’octobre 1979 lorsqu’a été créé le Programme National de Recherche sur l’histoire du mouvement national (PNR)</p></div></div></div></li><li id="story-id-997-content"  class="ht-default"><div class="timeline-post light-grey-post ht-content-default"><h2 class="content-title"></h2><div class="ctl_info event-description small"><div class="pull-left"><a title=""  href="https://ishtc.formanet-tn.com/wp-content/uploads/2021/10/3-4.jpg" class="ctl_prettyPhoto"><img loading="lazy" decoding="async" width="300" height="195" src="https://ishtc.formanet-tn.com/wp-content/uploads/2021/10/3-4-300x195.jpg" class="story-img left_small wp-post-image" alt="" srcset="https://ishtc.formanet-tn.com/wp-content/uploads/2021/10/3-4-300x195.jpg 300w, https://ishtc.formanet-tn.com/wp-content/uploads/2021/10/3-4-768x500.jpg 768w, https://ishtc.formanet-tn.com/wp-content/uploads/2021/10/3-4.jpg 970w" sizes="auto, (max-width: 300px) 100vw, 300px" /></a></div><div class="content-details"><p>L’institut est transformé par la suite en un Institut supérieur de l’Histoire du mouvement National (ISHMN) créé par la loi n°89-89 du 16 novembre 1989, dont les fonctions ont été fixées par le décret n° 633 du 16 avril 1990.</p></div></div></div></li><li id="story-id-996-content"  class="ht-default"><div class="timeline-post light-grey-post ht-content-default"><h2 class="content-title"></h2><div class="ctl_info event-description small"><div class="pull-left"><a title=""  href="https://ishtc.formanet-tn.com/wp-content/uploads/2021/10/3-4.jpg" class="ctl_prettyPhoto"><img loading="lazy" decoding="async" width="300" height="195" src="https://ishtc.formanet-tn.com/wp-content/uploads/2021/10/3-4-300x195.jpg" class="story-img left_small wp-post-image" alt="" srcset="https://ishtc.formanet-tn.com/wp-content/uploads/2021/10/3-4-300x195.jpg 300w, https://ishtc.formanet-tn.com/wp-content/uploads/2021/10/3-4-768x500.jpg 768w, https://ishtc.formanet-tn.com/wp-content/uploads/2021/10/3-4.jpg 970w" sizes="auto, (max-width: 300px) 100vw, 300px" /></a></div><div class="content-details"><p>En 2014, d’après le décret 2014-1678 du 8 mai, l’ISHMN est devenu l’Institut Supérieur de l’Histoire de la Tunisie Contemporaine (I.S.H.T.C). Il est destiné à promouvoir l’enseignement et la recherche dans le champ de l’histoire contemporaine de la Tunisie. L’ISHTC est doté d’un fonds d’archives microfilmées, un ensemble de témoignages&hellip;</p></div></div></div></li></ul></div></div></div><style type="text/css"></style><!-- end  ================================================== -->

		</div>
	</div>
</div></div></div><div class="wpb_column vc_column_container vc_col-sm-2"><div class="vc_column-inner"><div class="wpb_wrapper"></div></div></div></div>

En 2014, d’après le décret 2014-1678 du 8 mai, l’ISHMN est devenu l’Institut Supérieur de l’Histoire de la Tunisie Contemporaine (I.S.H.T.C). Il est destiné à promouvoir l’enseignement et la recherche dans le champ de l’histoire contemporaine de la Tunisie. L’ISHTC est doté d’un fonds d’archives microfilmées, un ensemble de témoignages&hellip;
